ainder when 47792647 is divided by 7965440.
7
What is the remainder when 2021650 is divided by 35?
15
Calculate the remainder when 1199071 is divided by 41345.
66
Calculate the remainder when 3118082 is divided by 89087.
37
What is the remainder when 34568 is divided by 1350?
818
Calculate the remainder when 54816814 is divided by 1345.
1339
What is the remainder when 1051394 is divided by 1051382?
12
What is the remainder when 226890 is divided by 6666?
246
Calculate the remainder when 24141 is divided by 3452.
3429
Calculate the remainder when 140486 is divided by 9290.
1136
What is the remainder when 2919262 is divided by 1459621?
20
What is the remainder when 20889420 is divided by 380?
60
What is the remainder when 168256860 is divided by 10392?
10380
Calculate the remainder when 249947 is divided by 124950.
47
Calculate the remainder when 58264559 is divided by 7445.
7434
What is the remainder when 417786460 is divided by 37?
35
What is the remainder when 435808 is divided by 435689?
119
Calculate the remainder when 461306 is divided by 45967.
1636
What is the remainder when 3064092 is divided by 226?
210
What is the remainder when 2702186 is divided by 20?
6
What is the remainder when 18740 is divided by 2074?
74
What is the remainder when 10050577 is divided by 21992?
233
Calculate the remainder when 2151086 is divided by 350.
336
Calculate the remainder when 3848158 is divided by 391.
327
What is the remainder when 2016002 is divided by 391?
6
What is the remainder when 189073635 is divided by 70?
65
Calculate the remainder when 10697719 is divided by 1067.
1044
Calculate the remainder when 88003 is divided by 624.
19
What is the remainder when 1645512 is divided by 1172?
24
What is the remainder when 678749 is divided by 337425?
3899
Calculate the remainder when 48340580 is divided by 369012.
8
Calculate the remainder when 3661684 is divided by 3229.
3227
What is the remainder when 3600149 is divided by 900032?
21
Calculate the remainder when 53911677 is divided by 258.
255
Calculate the remainder when 7403653 is divided by 3701820.
13
What is the remainder when 1972586 is divided by 1972581?
5
What is the remainder when 141553 is divided by 11753?
517
Calculate the remainder when 49173 is divided by 1167.
159
What is the remainder when 3185587 is divided by 184?
179
What is the remainder when 100402839 is divided by 23?
19
Calculate the remainder when 157852 is divided by 157841.
11
Calculate the remainder when 295565 is divided by 9126.
3533
What is the remainder when 531425 is divided by 2255?
1500
What is the remainder when 2872083 is divided by 265?
13
What is the remainder when 699353 is divided by 349569?
215
Calculate the remainder when 5218816 is divided by 1304703.
4
What is the remainder when 6689004 is divided by 1210?
124
Calculate the remainder when 775105 is divided by 1828.
33
What is the remainder when 70003 is divided by 5003?
4964
Calculate the remainder when 243479 is divided by 13220.
5519
Calculate the remainder when 504367 is divided by 1033.
263
What is the remainder when 519395 is divided by 1882?
1845
Calculate the remainder when 637111 is divided by 37476.
19
What is the remainder when 29081 is divided by 1395?
1181
Calculate the remainder when 4321239 is divided by 8032.
23
What is the remainder when 24650 is divided by 1069?
63
Calculate the remainder when 34451252 is divided by 532.
528
Calculate the remainder when 6110833 is divided by 630.
463
Calculate the remainder when 12798219 is divided by 355503.
111
What is the remainder when 771043 is divided by 256961?
160
What is the remainder when 3737592 is divided by 196713?
45
What is the remainder when 54548 is divided by 577?
310
What is the remainder when 2526197 is divided by 842046?
59
What is the remainder when 11153 is divided by 3409?
926
Calculate the remainder when 2429485 is divided by 1158.
1
What is the remainder when 288148 is divided by 686?
28
What is the remainder when 565639 is divided by 1454?
33
Calculate the remainder when 1415602 is divided by 17.
12
What is the remainder when 1265322 is divided by 2109?
2031
What is the remainder when 5764894 is divided by 32570?
4
Calculate the remainder when 14843550 is divided by 562.
6
Calculate the remainder when 86875 is divided by 1049.
857
Calculate the remainder when 18685 is divided by 3678.
295
Calculate the remainder when 174149 is divided by 4630.
2839
What is the remainder when 1600970 is divided by 47?
9
Calculate the remainder when 264002 is divided by 19910.
5172
What is the remainder when 1396142 is divided by 39?
20
Calculate the remainder when 515061 is divided by 18344.
1429
What is the remainder when 1394635 is divided by 116217?
31
What is the remainder when 530498 is divided by 153?
47
What is the remainder when 17771 is divided by 18?
5
Calculate the remainder when 2005160 is divided by 174.
158
Calculate the remainder when 309941 is divided by 1462.
1459
Calculate the remainder when 353564 is divided by 2586.
1868
Calculate the remainder when 18275 is divided by 1218.
5
Calculate the remainder when 7588588 is divided by 35.
28
What is the remainder when 5790547 is divided by 68935?
7
Calculate the remainder when 179176 is divided by 8952.
136
What is the remainder when 188245 is divided by 702?
109
What is the remainder when 175156444 is divided by 25?
19
Calculate the remainder when 1450867 is divided by 2159.
19
What is the remainder when 65196 is divided by 188?
148
What is the remainder when 653134 is divided by 130626?
4
What is the remainder when 39102968 is divided by 68?
44
What is the remainder when 1298714 is divided by 4589?
27
Calculate the remainder when 2193007 is divided by 2550.
7
Calculate the remainder when 825018 is divided by 206253.
6
What is the remainder when 1364121 is divided by 1851?
1785
Calculate the remainder when 419046 is divided by 69837.
24
What is the remainder when 40233637 is divided by 6345?
6337
Calculate the remainder when 33000913 is divided by 821.
818
Calculate the remainder when 180735 is divided by 180.
15
What is the remainder when 468747 is divided by 429?
279
What is the remainder when 384232501 is divided by 1329?
1324
Calculate the remainder when 2743241 is divided by 1083.
2
Calculate the remainder when 3789451 is divided by 1894725.
1
Calculate the remainder when 1329039 is divided by 1328896.
143
Calculate the remainder when 11006967 is divided by 338.
335
Calculate the remainder when 1954091 is divided by 3346.
27
What is the remainder when 10807810 is divided by 2701947?
22
Calculate the remainder when 3411842 is divided by 3864.
3794
Calculate the remainder when 41421742 is divided by 4346.
16
What is the remainder when 16507737 is divided by 58?
9
What is the remainder when 94708 is divided by 1184?
1172
Calculate the remainder when 313181749 is divided by 614.
611
Calculate the remainder when 162797 is divided by 383.
22
Calculate the remainder when 1545162 is divided by 387.
258
Calculate the remainder when 74575472 is divided by 182783.
8
What is the remainder when 148146 is divided by 73936?
274
What is the remainder when 52403779 is divided by 20?
19
What is the remainder when 9347608 is divided by 91?
88
What is the remainder when 305345 is divided by 261?
236
What is the remainder when 26327 is divided by 193?
79
What is the remainder when 7759777 is divided by 18653?
129
Calculate the remainder when 2606 is divided by 2418.
188
What is the remainder when 6880330 is divided by 253?
248
Calculate the remainder when 8893242 is divided by 4446610.
22
Calculate the remainder when 201931 is divided by 201903.
28
What is the remainder when 345016 is divided by 736?
568
What is the remainder when 74468456 is divided by 4229?
4224
Calculate the remainder when 314526 is divided by 104813.
87
What is the remainder when 397567558 is divided by 1860?
1858
Calculate the remainder when 64859 is divided by 35.
4
Calculate the remainder when 165002 is divided by 4399.
2239
What is the remainder when 40373758 is divided by 20186878?
2
Calculate the remainder when 722045 is divided by 784.
765
Calculate the remainder when 5420397 is divided by 903392.
45
Calculate the remainder when 10339153 is divided by 1946.
55
Calculate 